{"id":2175,"date":"2017-04-20T08:13:21","date_gmt":"2017-04-20T06:13:21","guid":{"rendered":"http:\/\/huntpol.pl\/?page_id=2175"},"modified":"2024-08-30T09:47:20","modified_gmt":"2024-08-30T07:47:20","slug":"artykuly","status":"publish","type":"page","link":"https:\/\/huntpol.pl\/huntpol-www\/strzelectwo\/artykuly\/","title":{"rendered":"Artyku\u0142y"},"content":{"rendered":"<p><strong>Moje artyku\u0142y<\/strong><strong> poza strzeleckimi publikowanie w mie<\/strong><strong>si\u0119czniku &#8222;Bra\u0107 \u0141owiecka&#8221;.<\/strong><\/p>\n<p><div class=\"pagwrap-ohzrwl\" id=\"emgsing\"><div id=\"alignstyle\" class=\"easymedia_center\"><div id=\"col-1\" class=\"thecol\">\t\t\t\t     <div style=\"width:180px; height:180px;\" class=\"hoverone view da-thumbs preloaderview\"><span class=\"emg-badges\"><span class=\"icount\">2<\/span><span class=\"imgtg\">images<\/span><\/span><div class=\"iehand\"><img src=\"https:\/\/huntpol.pl\/huntpol-www\/wp-content\/plugins\/easy-media-gallery-pro\/includes\/images\/trans.png\" class=\"emglazy\" data-original=\"https:\/\/huntpol.pl\/huntpol-www\/wp-content\/plugins\/easy-media-gallery-pro\/includes\/class\/timthumb.php?src=https:\/\/huntpol.pl\/huntpol-www\/wp-content\/uploads\/start-14.jpg&h=180&w=180&zc=1&q=100&a=c\" \/><a onclick=\"easyActiveStyleSheet('Dark');return true;\" class=\"3340\" rel=\"easymedia[gallery-3340]\" href=\"https:\/\/huntpol.pl\/huntpol-www\/wp-content\/plugins\/easy-media-gallery-pro\/includes\/class\/timthumb.php?src=https:\/\/huntpol.pl\/huntpol-www\/wp-content\/uploads\/Byk-Wojtka-1.jpg&h=1361&w=940&zc=1&q=100&a=c\" ><article class=\"da-animate da-slideFromRight\"><p class=\"emgfittext\"><\/p><div class=\"forspan\"><span class=\"zoom\"><\/span><\/div><\/article><\/a><\/div><\/div>\r\n\r\n\t\t\t\t<div id=\"easymedia_gallerycontainer-ohzrwl\" style=\"display:none\">\t\t\t\t\t\t                \t<a class=\"3340-3342\" href=\"https:\/\/huntpol.pl\/huntpol-www\/wp-content\/plugins\/easy-media-gallery-pro\/includes\/class\/timthumb.php?src=https:\/\/huntpol.pl\/huntpol-www\/wp-content\/uploads\/Byk-Wojtka-1.jpg&h=1361&w=940&zc=1&q=100&a=c\" rel=\"easymedia[gallery-3340]\"><\/a>\r\n\t\t\t\t\t\t            \t\t\t\t\t\t\t\t                \t<a class=\"3340-3343\" href=\"https:\/\/huntpol.pl\/huntpol-www\/wp-content\/plugins\/easy-media-gallery-pro\/includes\/class\/timthumb.php?src=https:\/\/huntpol.pl\/huntpol-www\/wp-content\/uploads\/Byk-Wojtka-2.jpg&h=1271&w=940&zc=1&q=100&a=c\" rel=\"easymedia[gallery-3340]\"><\/a>\r\n\t\t\t\t\t\t            \t\t<\/div>\t\t\t\t     <div style=\"width:180px; height:180px;\" class=\"hoverone view da-thumbs preloaderview\"><span class=\"emg-badges\"><span class=\"icount\">2<\/span><span class=\"imgtg\">images<\/span><\/span><div class=\"iehand\"><img src=\"https:\/\/huntpol.pl\/huntpol-www\/wp-content\/plugins\/easy-media-gallery-pro\/includes\/images\/trans.png\" class=\"emglazy\" data-original=\"https:\/\/huntpol.pl\/huntpol-www\/wp-content\/uploads\/Bohdan-Jasiewicz.jpg\" \/><a onclick=\"easyActiveStyleSheet('Dark');return true;\" class=\"3198\" rel=\"easymedia[gallery-3198]\" href=\"https:\/\/huntpol.pl\/huntpol-www\/wp-content\/plugins\/easy-media-gallery-pro\/includes\/class\/timthumb.php?src=https:\/\/huntpol.pl\/huntpol-www\/wp-content\/uploads\/BJ1.jpg&h=1286&w=940&zc=1&q=100&a=c\" ><article class=\"da-animate da-slideFromRight\"><p class=\"emgfittext\"><\/p><div class=\"forspan\"><span class=\"zoom\"><\/span><\/div><\/article><\/a><\/div><\/div>\r\n\r\n\t\t\t\t<div id=\"easymedia_gallerycontainer-ohzrwl\" style=\"display:none\">\t\t\t\t\t\t                \t<a class=\"3198-3030\" href=\"https:\/\/huntpol.pl\/huntpol-www\/wp-content\/plugins\/easy-media-gallery-pro\/includes\/class\/timthumb.php?src=https:\/\/huntpol.pl\/huntpol-www\/wp-content\/uploads\/BJ1.jpg&h=1286&w=940&zc=1&q=100&a=c\" rel=\"easymedia[gallery-3198]\"><\/a>\r\n\t\t\t\t\t\t            \t\t\t\t\t\t\t\t                \t<a class=\"3198-3031\" href=\"https:\/\/huntpol.pl\/huntpol-www\/wp-content\/plugins\/easy-media-gallery-pro\/includes\/class\/timthumb.php?src=https:\/\/huntpol.pl\/huntpol-www\/wp-content\/uploads\/Bj2.jpg&h=1270&w=940&zc=1&q=100&a=c\" rel=\"easymedia[gallery-3198]\"><\/a>\r\n\t\t\t\t\t\t            \t\t<\/div>\t\t\t\t     <div style=\"width:180px; height:180px;\" class=\"hoverone view da-thumbs preloaderview\"><span class=\"emg-badges\"><span class=\"icount\">6<\/span><span class=\"imgtg\">images<\/span><\/span><div class=\"iehand\"><img src=\"https:\/\/huntpol.pl\/huntpol-www\/wp-content\/plugins\/easy-media-gallery-pro\/includes\/images\/trans.png\" class=\"emglazy\" data-original=\"https:\/\/huntpol.pl\/huntpol-www\/wp-content\/uploads\/Polowanie-w-Szwecji.jpg\" \/><a onclick=\"easyActiveStyleSheet('Dark');return true;\" class=\"3210\" rel=\"easymedia[gallery-3210]\" href=\"https:\/\/huntpol.pl\/huntpol-www\/wp-content\/uploads\/Sz1-1.jpg\" ><article class=\"da-animate da-slideFromRight\"><p class=\"emgfittext\"><\/p><div class=\"forspan\"><span class=\"zoom\"><\/span><\/div><\/article><\/a><\/div><\/div>\r\n\r\n\t\t\t\t<div id=\"easymedia_gallerycontainer-ohzrwl\" style=\"display:none\">\t\t\t\t\t\t                \t<a class=\"3210-2464\" href=\"https:\/\/huntpol.pl\/huntpol-www\/wp-content\/uploads\/Sz1-1.jpg\" rel=\"easymedia[gallery-3210]\"><\/a>\r\n\t\t\t\t\t\t            \t\t\t\t\t\t\t\t                \t<a class=\"3210-2463\" href=\"https:\/\/huntpol.pl\/huntpol-www\/wp-content\/uploads\/sz2-1.jpg\" rel=\"easymedia[gallery-3210]\"><\/a>\r\n\t\t\t\t\t\t            \t\t\t\t\t\t\t\t                \t<a class=\"3210-2462\" href=\"https:\/\/huntpol.pl\/huntpol-www\/wp-content\/uploads\/sz3-1.jpg\" rel=\"easymedia[gallery-3210]\"><\/a>\r\n\t\t\t\t\t\t            \t\t\t\t\t\t\t\t                \t<a class=\"3210-2461\" href=\"https:\/\/huntpol.pl\/huntpol-www\/wp-content\/uploads\/sz4-1.jpg\" rel=\"easymedia[gallery-3210]\"><\/a>\r\n\t\t\t\t\t\t            \t\t\t\t\t\t\t\t                \t<a class=\"3210-2460\" href=\"https:\/\/huntpol.pl\/huntpol-www\/wp-content\/uploads\/sz5-1.jpg\" rel=\"easymedia[gallery-3210]\"><\/a>\r\n\t\t\t\t\t\t            \t\t\t\t\t\t\t\t                \t<a class=\"3210-2459\" href=\"https:\/\/huntpol.pl\/huntpol-www\/wp-content\/uploads\/sz6-1.jpg\" rel=\"easymedia[gallery-3210]\"><\/a>\r\n\t\t\t\t\t\t            \t\t<\/div>\t\t\t\t     <div style=\"width:180px; height:180px;\" class=\"hoverone view da-thumbs preloaderview\"><span class=\"emg-badges\"><span class=\"icount\">3<\/span><span class=\"imgtg\">images<\/span><\/span><div class=\"iehand\"><img src=\"https:\/\/huntpol.pl\/huntpol-www\/wp-content\/plugins\/easy-media-gallery-pro\/includes\/images\/trans.png\" class=\"emglazy\" data-original=\"https:\/\/huntpol.pl\/huntpol-www\/wp-content\/plugins\/easy-media-gallery-pro\/includes\/class\/timthumb.php?src=https:\/\/huntpol.pl\/huntpol-www\/wp-content\/uploads\/foto1-3.jpg&h=180&w=180&zc=1&q=100&a=c\" \/><a onclick=\"easyActiveStyleSheet('Dark');return true;\" class=\"3533\" rel=\"easymedia[gallery-3533]\" href=\"https:\/\/huntpol.pl\/huntpol-www\/wp-content\/uploads\/foto1-3.jpg\" ><article class=\"da-animate da-slideFromRight\"><p class=\"emgfittext\"><\/p><div class=\"forspan\"><span class=\"zoom\"><\/span><\/div><\/article><\/a><\/div><\/div>\r\n\r\n\t\t\t\t<div id=\"easymedia_gallerycontainer-ohzrwl\" style=\"display:none\">\t\t\t\t\t\t                \t<a class=\"3533-3535\" href=\"https:\/\/huntpol.pl\/huntpol-www\/wp-content\/uploads\/foto1-3.jpg\" rel=\"easymedia[gallery-3533]\"><\/a>\r\n\t\t\t\t\t\t            \t\t\t\t\t\t\t\t                \t<a class=\"3533-3536\" href=\"https:\/\/huntpol.pl\/huntpol-www\/wp-content\/uploads\/foto2-3.jpg\" rel=\"easymedia[gallery-3533]\"><\/a>\r\n\t\t\t\t\t\t            \t\t\t\t\t\t\t\t                \t<a class=\"3533-3537\" href=\"https:\/\/huntpol.pl\/huntpol-www\/wp-content\/uploads\/foto3-1.jpg\" rel=\"easymedia[gallery-3533]\"><\/a>\r\n\t\t\t\t\t\t            \t\t<\/div><\/div><div id=\"col-2\" class=\"thecol\">\t\t\t\t     <div style=\"width:180px; height:180px;\" class=\"hoverone view da-thumbs preloaderview\"><span class=\"emg-badges\"><span class=\"icount\">4<\/span><span class=\"imgtg\">images<\/span><\/span><div class=\"iehand\"><img src=\"https:\/\/huntpol.pl\/huntpol-www\/wp-content\/plugins\/easy-media-gallery-pro\/includes\/images\/trans.png\" class=\"emglazy\" data-original=\"https:\/\/huntpol.pl\/huntpol-www\/wp-content\/plugins\/easy-media-gallery-pro\/includes\/class\/timthumb.php?src=https:\/\/huntpol.pl\/huntpol-www\/wp-content\/uploads\/fb.jpg&h=180&w=180&zc=1&q=100&a=c\" \/><a onclick=\"easyActiveStyleSheet('Dark');return true;\" class=\"3353\" rel=\"easymedia[gallery-3353]\" href=\"https:\/\/huntpol.pl\/huntpol-www\/wp-content\/plugins\/easy-media-gallery-pro\/includes\/class\/timthumb.php?src=https:\/\/huntpol.pl\/huntpol-www\/wp-content\/uploads\/jp1.jpg&h=1297&w=940&zc=1&q=100&a=c\" ><article class=\"da-animate da-slideFromRight\"><p class=\"emgfittext\"><\/p><div class=\"forspan\"><span class=\"zoom\"><\/span><\/div><\/article><\/a><\/div><\/div>\r\n\r\n\t\t\t\t<div id=\"easymedia_gallerycontainer-ohzrwl\" style=\"display:none\">\t\t\t\t\t\t                \t<a class=\"3353-3355\" href=\"https:\/\/huntpol.pl\/huntpol-www\/wp-content\/plugins\/easy-media-gallery-pro\/includes\/class\/timthumb.php?src=https:\/\/huntpol.pl\/huntpol-www\/wp-content\/uploads\/jp1.jpg&h=1297&w=940&zc=1&q=100&a=c\" rel=\"easymedia[gallery-3353]\"><\/a>\r\n\t\t\t\t\t\t            \t\t\t\t\t\t\t\t                \t<a class=\"3353-3356\" href=\"https:\/\/huntpol.pl\/huntpol-www\/wp-content\/plugins\/easy-media-gallery-pro\/includes\/class\/timthumb.php?src=https:\/\/huntpol.pl\/huntpol-www\/wp-content\/uploads\/jp2.jpg&h=1422&w=940&zc=1&q=100&a=c\" rel=\"easymedia[gallery-3353]\"><\/a>\r\n\t\t\t\t\t\t            \t\t\t\t\t\t\t\t                \t<a class=\"3353-3357\" href=\"https:\/\/huntpol.pl\/huntpol-www\/wp-content\/plugins\/easy-media-gallery-pro\/includes\/class\/timthumb.php?src=https:\/\/huntpol.pl\/huntpol-www\/wp-content\/uploads\/jp3.jpg&h=1405&w=940&zc=1&q=100&a=c\" rel=\"easymedia[gallery-3353]\"><\/a>\r\n\t\t\t\t\t\t            \t\t\t\t\t\t\t\t                \t<a class=\"3353-3358\" href=\"https:\/\/huntpol.pl\/huntpol-www\/wp-content\/plugins\/easy-media-gallery-pro\/includes\/class\/timthumb.php?src=https:\/\/huntpol.pl\/huntpol-www\/wp-content\/uploads\/jp4.jpg&h=1339&w=940&zc=1&q=100&a=c\" rel=\"easymedia[gallery-3353]\"><\/a>\r\n\t\t\t\t\t\t            \t\t<\/div>\t\t\t\t     <div style=\"width:180px; height:180px;\" class=\"hoverone view da-thumbs preloaderview\"><span class=\"emg-badges\"><span class=\"icount\">1<\/span><span class=\"imgtg\">image<\/span><\/span><div class=\"iehand\"><img src=\"https:\/\/huntpol.pl\/huntpol-www\/wp-content\/plugins\/easy-media-gallery-pro\/includes\/images\/trans.png\" class=\"emglazy\" data-original=\"https:\/\/huntpol.pl\/huntpol-www\/wp-content\/uploads\/realknive-1.jpg\" \/><a onclick=\"easyActiveStyleSheet('Dark');return true;\" class=\"3201\" rel=\"easymedia[gallery-3201]\" href=\"https:\/\/huntpol.pl\/huntpol-www\/wp-content\/plugins\/easy-media-gallery-pro\/includes\/class\/timthumb.php?src=https:\/\/huntpol.pl\/huntpol-www\/wp-content\/uploads\/realknive.jpg&h=802&w=940&zc=1&q=100&a=c\" ><article class=\"da-animate da-slideFromRight\"><p class=\"emgfittext\"><\/p><div class=\"forspan\"><span class=\"zoom\"><\/span><\/div><\/article><\/a><\/div><\/div>\r\n\r\n\t\t\t\t<div id=\"easymedia_gallerycontainer-ohzrwl\" style=\"display:none\">\t\t\t\t\t\t                \t<a class=\"3201-3020\" href=\"https:\/\/huntpol.pl\/huntpol-www\/wp-content\/plugins\/easy-media-gallery-pro\/includes\/class\/timthumb.php?src=https:\/\/huntpol.pl\/huntpol-www\/wp-content\/uploads\/realknive.jpg&h=802&w=940&zc=1&q=100&a=c\" rel=\"easymedia[gallery-3201]\"><\/a>\r\n\t\t\t\t\t\t            \t\t<\/div>\t\t\t\t     <div style=\"width:180px; height:180px;\" class=\"hoverone view da-thumbs preloaderview\"><span class=\"emg-badges\"><span class=\"icount\">4<\/span><span class=\"imgtg\">images<\/span><\/span><div class=\"iehand\"><img src=\"https:\/\/huntpol.pl\/huntpol-www\/wp-content\/plugins\/easy-media-gallery-pro\/includes\/images\/trans.png\" class=\"emglazy\" data-original=\"https:\/\/huntpol.pl\/huntpol-www\/wp-content\/uploads\/Afrykanskie-Lowy-1.jpg\" \/><a onclick=\"easyActiveStyleSheet('Dark');return true;\" class=\"3213\" rel=\"easymedia[gallery-3213]\" href=\"https:\/\/huntpol.pl\/huntpol-www\/wp-content\/plugins\/easy-media-gallery-pro\/includes\/class\/timthumb.php?src=https:\/\/huntpol.pl\/huntpol-www\/wp-content\/uploads\/al1.jpg&h=1289&w=940&zc=1&q=100&a=c\" ><article class=\"da-animate da-slideFromRight\"><p class=\"emgfittext\"><\/p><div class=\"forspan\"><span class=\"zoom\"><\/span><\/div><\/article><\/a><\/div><\/div>\r\n\r\n\t\t\t\t<div id=\"easymedia_gallerycontainer-ohzrwl\" style=\"display:none\">\t\t\t\t\t\t                \t<a class=\"3213-3216\" href=\"https:\/\/huntpol.pl\/huntpol-www\/wp-content\/plugins\/easy-media-gallery-pro\/includes\/class\/timthumb.php?src=https:\/\/huntpol.pl\/huntpol-www\/wp-content\/uploads\/al1.jpg&h=1289&w=940&zc=1&q=100&a=c\" rel=\"easymedia[gallery-3213]\"><\/a>\r\n\t\t\t\t\t\t            \t\t\t\t\t\t\t\t                \t<a class=\"3213-3217\" href=\"https:\/\/huntpol.pl\/huntpol-www\/wp-content\/plugins\/easy-media-gallery-pro\/includes\/class\/timthumb.php?src=https:\/\/huntpol.pl\/huntpol-www\/wp-content\/uploads\/al2.jpg&h=1387&w=940&zc=1&q=100&a=c\" rel=\"easymedia[gallery-3213]\"><\/a>\r\n\t\t\t\t\t\t            \t\t\t\t\t\t\t\t                \t<a class=\"3213-3218\" href=\"https:\/\/huntpol.pl\/huntpol-www\/wp-content\/plugins\/easy-media-gallery-pro\/includes\/class\/timthumb.php?src=https:\/\/huntpol.pl\/huntpol-www\/wp-content\/uploads\/al3.jpg&h=1285&w=940&zc=1&q=100&a=c\" rel=\"easymedia[gallery-3213]\"><\/a>\r\n\t\t\t\t\t\t            \t\t\t\t\t\t\t\t                \t<a class=\"3213-3219\" href=\"https:\/\/huntpol.pl\/huntpol-www\/wp-content\/plugins\/easy-media-gallery-pro\/includes\/class\/timthumb.php?src=https:\/\/huntpol.pl\/huntpol-www\/wp-content\/uploads\/al4.jpg&h=1292&w=940&zc=1&q=100&a=c\" rel=\"easymedia[gallery-3213]\"><\/a>\r\n\t\t\t\t\t\t            \t\t<\/div><\/div><div id=\"col-3\" class=\"thecol\">\t\t\t\t     <div style=\"width:180px; height:180px;\" class=\"hoverone view da-thumbs preloaderview\"><span class=\"emg-badges\"><span class=\"icount\">2<\/span><span class=\"imgtg\">images<\/span><\/span><div class=\"iehand\"><img src=\"https:\/\/huntpol.pl\/huntpol-www\/wp-content\/plugins\/easy-media-gallery-pro\/includes\/images\/trans.png\" class=\"emglazy\" data-original=\"https:\/\/huntpol.pl\/huntpol-www\/wp-content\/plugins\/easy-media-gallery-pro\/includes\/class\/timthumb.php?src=https:\/\/huntpol.pl\/huntpol-www\/wp-content\/uploads\/K1.jpg&h=180&w=180&zc=1&q=100&a=c\" \/><a onclick=\"easyActiveStyleSheet('Dark');return true;\" class=\"3401\" rel=\"easymedia[gallery-3401]\" href=\"https:\/\/huntpol.pl\/huntpol-www\/wp-content\/plugins\/easy-media-gallery-pro\/includes\/class\/timthumb.php?src=https:\/\/huntpol.pl\/huntpol-www\/wp-content\/uploads\/K1.jpg&h=1372&w=940&zc=1&q=100&a=c\" ><article class=\"da-animate da-slideFromRight\"><p class=\"emgfittext\"><\/p><div class=\"forspan\"><span class=\"zoom\"><\/span><\/div><\/article><\/a><\/div><\/div>\r\n\r\n\t\t\t\t<div id=\"easymedia_gallerycontainer-ohzrwl\" style=\"display:none\">\t\t\t\t\t\t                \t<a class=\"3401-3403\" href=\"https:\/\/huntpol.pl\/huntpol-www\/wp-content\/plugins\/easy-media-gallery-pro\/includes\/class\/timthumb.php?src=https:\/\/huntpol.pl\/huntpol-www\/wp-content\/uploads\/K1.jpg&h=1372&w=940&zc=1&q=100&a=c\" rel=\"easymedia[gallery-3401]\"><\/a>\r\n\t\t\t\t\t\t            \t\t\t\t\t\t\t\t                \t<a class=\"3401-3404\" href=\"https:\/\/huntpol.pl\/huntpol-www\/wp-content\/plugins\/easy-media-gallery-pro\/includes\/class\/timthumb.php?src=https:\/\/huntpol.pl\/huntpol-www\/wp-content\/uploads\/K2.jpg&h=1414&w=940&zc=1&q=100&a=c\" rel=\"easymedia[gallery-3401]\"><\/a>\r\n\t\t\t\t\t\t            \t\t<\/div>\t\t\t\t     <div style=\"width:180px; height:180px;\" class=\"hoverone view da-thumbs preloaderview\"><span class=\"emg-badges\"><span class=\"icount\">3<\/span><span class=\"imgtg\">images<\/span><\/span><div class=\"iehand\"><img src=\"https:\/\/huntpol.pl\/huntpol-www\/wp-content\/plugins\/easy-media-gallery-pro\/includes\/images\/trans.png\" class=\"emglazy\" data-original=\"https:\/\/huntpol.pl\/huntpol-www\/wp-content\/uploads\/Harkila.jpg\" \/><a onclick=\"easyActiveStyleSheet('Dark');return true;\" class=\"3204\" rel=\"easymedia[gallery-3204]\" href=\"https:\/\/huntpol.pl\/huntpol-www\/wp-content\/plugins\/easy-media-gallery-pro\/includes\/class\/timthumb.php?src=https:\/\/huntpol.pl\/huntpol-www\/wp-content\/uploads\/harkila2.jpg&h=1353&w=940&zc=1&q=100&a=c\" ><article class=\"da-animate da-slideFromRight\"><p class=\"emgfittext\"><\/p><div class=\"forspan\"><span class=\"zoom\"><\/span><\/div><\/article><\/a><\/div><\/div>\r\n\r\n\t\t\t\t<div id=\"easymedia_gallerycontainer-ohzrwl\" style=\"display:none\">\t\t\t\t\t\t                \t<a class=\"3204-2758\" href=\"https:\/\/huntpol.pl\/huntpol-www\/wp-content\/plugins\/easy-media-gallery-pro\/includes\/class\/timthumb.php?src=https:\/\/huntpol.pl\/huntpol-www\/wp-content\/uploads\/harkila2.jpg&h=1353&w=940&zc=1&q=100&a=c\" rel=\"easymedia[gallery-3204]\"><\/a>\r\n\t\t\t\t\t\t            \t\t\t\t\t\t\t\t                \t<a class=\"3204-2759\" href=\"https:\/\/huntpol.pl\/huntpol-www\/wp-content\/plugins\/easy-media-gallery-pro\/includes\/class\/timthumb.php?src=https:\/\/huntpol.pl\/huntpol-www\/wp-content\/uploads\/Harstart.jpg&h=1023&w=940&zc=1&q=100&a=c\" rel=\"easymedia[gallery-3204]\"><\/a>\r\n\t\t\t\t\t\t            \t\t\t\t\t\t\t\t                \t<a class=\"3204-2757\" href=\"https:\/\/huntpol.pl\/huntpol-www\/wp-content\/plugins\/easy-media-gallery-pro\/includes\/class\/timthumb.php?src=https:\/\/huntpol.pl\/huntpol-www\/wp-content\/uploads\/harkila1.jpg&h=1340&w=940&zc=1&q=100&a=c\" rel=\"easymedia[gallery-3204]\"><\/a>\r\n\t\t\t\t\t\t            \t\t<\/div>\t\t\t\t     <div style=\"width:180px; height:180px;\" class=\"hoverone view da-thumbs preloaderview\"><span class=\"emg-badges\"><span class=\"icount\">2<\/span><span class=\"imgtg\">images<\/span><\/span><div class=\"iehand\"><img src=\"https:\/\/huntpol.pl\/huntpol-www\/wp-content\/plugins\/easy-media-gallery-pro\/includes\/images\/trans.png\" class=\"emglazy\" data-original=\"https:\/\/huntpol.pl\/huntpol-www\/wp-content\/plugins\/easy-media-gallery-pro\/includes\/class\/timthumb.php?src=https:\/\/huntpol.pl\/huntpol-www\/wp-content\/uploads\/foto1-1.jpg&h=180&w=180&zc=1&q=100&a=c\" \/><a onclick=\"easyActiveStyleSheet('Dark');return true;\" class=\"3521\" rel=\"easymedia[gallery-3521]\" href=\"https:\/\/huntpol.pl\/huntpol-www\/wp-content\/uploads\/foto1-1.jpg\" ><article class=\"da-animate da-slideFromRight\"><p class=\"emgfittext\"><\/p><div class=\"forspan\"><span class=\"zoom\"><\/span><\/div><\/article><\/a><\/div><\/div>\r\n\r\n\t\t\t\t<div id=\"easymedia_gallerycontainer-ohzrwl\" style=\"display:none\">\t\t\t\t\t\t                \t<a class=\"3521-3523\" href=\"https:\/\/huntpol.pl\/huntpol-www\/wp-content\/uploads\/foto1-1.jpg\" rel=\"easymedia[gallery-3521]\"><\/a>\r\n\t\t\t\t\t\t            \t\t\t\t\t\t\t\t                \t<a class=\"3521-3524\" href=\"https:\/\/huntpol.pl\/huntpol-www\/wp-content\/uploads\/foto2-1.jpg\" rel=\"easymedia[gallery-3521]\"><\/a>\r\n\t\t\t\t\t\t            \t\t<\/div><\/div><div id=\"col-4\" class=\"thecol\">\t\t\t\t     <div style=\"width:180px; height:180px;\" class=\"hoverone view da-thumbs preloaderview\"><span class=\"emg-badges\"><span class=\"icount\">2<\/span><span class=\"imgtg\">images<\/span><\/span><div class=\"iehand\"><img src=\"https:\/\/huntpol.pl\/huntpol-www\/wp-content\/plugins\/easy-media-gallery-pro\/includes\/images\/trans.png\" class=\"emglazy\" data-original=\"https:\/\/huntpol.pl\/huntpol-www\/wp-content\/plugins\/easy-media-gallery-pro\/includes\/class\/timthumb.php?src=https:\/\/huntpol.pl\/huntpol-www\/wp-content\/uploads\/swis1.png&h=180&w=180&zc=1&q=100&a=c\" \/><a onclick=\"easyActiveStyleSheet('Dark');return true;\" class=\"3431\" rel=\"easymedia[gallery-3431]\" href=\"https:\/\/huntpol.pl\/huntpol-www\/wp-content\/plugins\/easy-media-gallery-pro\/includes\/class\/timthumb.php?src=https:\/\/huntpol.pl\/huntpol-www\/wp-content\/uploads\/swis1.png&h=1362&w=940&zc=1&q=100&a=c\" ><article class=\"da-animate da-slideFromRight\"><p class=\"emgfittext\"><\/p><div class=\"forspan\"><span class=\"zoom\"><\/span><\/div><\/article><\/a><\/div><\/div>\r\n\r\n\t\t\t\t<div id=\"easymedia_gallerycontainer-ohzrwl\" style=\"display:none\">\t\t\t\t\t\t                \t<a class=\"3431-3433\" href=\"https:\/\/huntpol.pl\/huntpol-www\/wp-content\/plugins\/easy-media-gallery-pro\/includes\/class\/timthumb.php?src=https:\/\/huntpol.pl\/huntpol-www\/wp-content\/uploads\/swis1.png&h=1362&w=940&zc=1&q=100&a=c\" rel=\"easymedia[gallery-3431]\"><\/a>\r\n\t\t\t\t\t\t            \t\t\t\t\t\t\t\t                \t<a class=\"3431-3434\" href=\"https:\/\/huntpol.pl\/huntpol-www\/wp-content\/plugins\/easy-media-gallery-pro\/includes\/class\/timthumb.php?src=https:\/\/huntpol.pl\/huntpol-www\/wp-content\/uploads\/swis2.png&h=1350&w=940&zc=1&q=100&a=c\" rel=\"easymedia[gallery-3431]\"><\/a>\r\n\t\t\t\t\t\t            \t\t<\/div>\t\t\t\t     <div style=\"width:180px; height:180px;\" class=\"hoverone view da-thumbs preloaderview\"><span class=\"emg-badges\"><span class=\"icount\">3<\/span><span class=\"imgtg\">images<\/span><\/span><div class=\"iehand\"><img src=\"https:\/\/huntpol.pl\/huntpol-www\/wp-content\/plugins\/easy-media-gallery-pro\/includes\/images\/trans.png\" class=\"emglazy\" data-original=\"https:\/\/huntpol.pl\/huntpol-www\/wp-content\/uploads\/lecimy-do-RPA.jpg\" \/><a onclick=\"easyActiveStyleSheet('Dark');return true;\" class=\"3207\" rel=\"easymedia[gallery-3207]\" href=\"https:\/\/huntpol.pl\/huntpol-www\/wp-content\/uploads\/1A2.jpg\" ><article class=\"da-animate da-slideFromRight\"><p class=\"emgfittext\"><\/p><div class=\"forspan\"><span class=\"zoom\"><\/span><\/div><\/article><\/a><\/div><\/div>\r\n\r\n\t\t\t\t<div id=\"easymedia_gallerycontainer-ohzrwl\" style=\"display:none\">\t\t\t\t\t\t                \t<a class=\"3207-2485\" href=\"https:\/\/huntpol.pl\/huntpol-www\/wp-content\/uploads\/1A2.jpg\" rel=\"easymedia[gallery-3207]\"><\/a>\r\n\t\t\t\t\t\t            \t\t\t\t\t\t\t\t                \t<a class=\"3207-2487\" href=\"https:\/\/huntpol.pl\/huntpol-www\/wp-content\/uploads\/3A2.jpg\" rel=\"easymedia[gallery-3207]\"><\/a>\r\n\t\t\t\t\t\t            \t\t\t\t\t\t\t\t                \t<a class=\"3207-2486\" href=\"https:\/\/huntpol.pl\/huntpol-www\/wp-content\/uploads\/2A2.jpg\" rel=\"easymedia[gallery-3207]\"><\/a>\r\n\t\t\t\t\t\t            \t\t<\/div>\t\t\t\t     <div style=\"width:180px; height:180px;\" class=\"hoverone view da-thumbs preloaderview\"><span class=\"emg-badges\"><span class=\"icount\">2<\/span><span class=\"imgtg\">images<\/span><\/span><div class=\"iehand\"><img src=\"https:\/\/huntpol.pl\/huntpol-www\/wp-content\/plugins\/easy-media-gallery-pro\/includes\/images\/trans.png\" class=\"emglazy\" data-original=\"https:\/\/huntpol.pl\/huntpol-www\/wp-content\/plugins\/easy-media-gallery-pro\/includes\/class\/timthumb.php?src=https:\/\/huntpol.pl\/huntpol-www\/wp-content\/uploads\/foto1-2.jpg&h=180&w=180&zc=1&q=100&a=c\" \/><a onclick=\"easyActiveStyleSheet('Dark');return true;\" class=\"3529\" rel=\"easymedia[gallery-3529]\" href=\"https:\/\/huntpol.pl\/huntpol-www\/wp-content\/uploads\/foto1-2.jpg\" ><article class=\"da-animate da-slideFromRight\"><p class=\"emgfittext\"><\/p><div class=\"forspan\"><span class=\"zoom\"><\/span><\/div><\/article><\/a><\/div><\/div>\r\n\r\n\t\t\t\t<div id=\"easymedia_gallerycontainer-ohzrwl\" style=\"display:none\">\t\t\t\t\t\t                \t<a class=\"3529-3531\" href=\"https:\/\/huntpol.pl\/huntpol-www\/wp-content\/uploads\/foto1-2.jpg\" rel=\"easymedia[gallery-3529]\"><\/a>\r\n\t\t\t\t\t\t            \t\t\t\t\t\t\t\t                \t<a class=\"3529-3532\" href=\"https:\/\/huntpol.pl\/huntpol-www\/wp-content\/uploads\/foto2-2.jpg\" rel=\"easymedia[gallery-3529]\"><\/a>\r\n\t\t\t\t\t\t            \t\t<\/div><\/div><div style=\"clear:both;\"><\/div><\/div><\/div><style type=\"text\/css\">\n.pagwrap-ohzrwl .preloaderview {min-width: 90px;min-height: 90px;}\n<\/style>\n<script type=\"text\/javascript\">\njQuery(document).ready(function($) {var $container = $('.easycontainer-ohzrwl');var $win = $(window);$container.emgisotope({itemSelector: '.easyitem',filter: '*',transformsEnabled: true,onLayout: function() {$win.trigger(\"scroll\");}});var $optionSets = $('.isofilcont-ohzrwl .emgoption-set'),$optionLinks = $optionSets.find('li'); \/\/@since 1.5.0.3\n$optionLinks.click(function(){var $this = $(this);if ( $this.hasClass('selected') ) {return false;}\nvar $optionSet = $this.parents('.emgoption-set');$optionSet.find('.selected').removeClass('selected');$this.addClass('selected');var options = {},key = $optionSet.attr('data-option-key'),value = $this.attr('data-option-value');value = value === 'false' ? false : value;options[ key ] = value;if ( key === 'layoutMode') {if ( typeof changeLayoutMode === 'function' ) {changeLayoutMode( $this, options )}} else {$container.emgisotope( options );}\nreturn false;});jQuery(\".pagwrap-ohzrwl .emglazy\").lazy({attribute: \"data-original\",effect: \"fadeIn\",visibleOnly: true,enableThrottle: true,throttle: 250,effectTime: 900,threshold: 100,afterLoad: function(element) {element.after(jQuery(element).readyLoad({ elementId: \"ohzrwl\", isPagination: '', isLazyload: 1, imageCount: \"\" }));}});jQuery(\".pagwrap-ohzrwl\").fadeIn(1000);jQuery(\"#isloaderfor-ohzrwl\").hide();try {jQuery(\".easycontainer-ohzrwl\").emgisotope( 'reLayout' );} catch(e) {return true;}});<\/script><\/p>","protected":false},"excerpt":{"rendered":"<p>Moje artyku\u0142y poza strzeleckimi publikowanie w miesi\u0119czniku &#8222;Bra\u0107 \u0141owiecka&#8221;.<\/p>\n","protected":false},"author":6,"featured_media":0,"parent":2083,"menu_order":0,"comment_status":"closed","ping_status":"closed","template":"","meta":[],"_links":{"self":[{"href":"https:\/\/huntpol.pl\/huntpol-www\/wp-json\/wp\/v2\/pages\/2175"}],"collection":[{"href":"https:\/\/huntpol.pl\/huntpol-www\/wp-json\/wp\/v2\/pages"}],"about":[{"href":"https:\/\/huntpol.pl\/huntpol-www\/wp-json\/wp\/v2\/types\/page"}],"author":[{"embeddable":true,"href":"https:\/\/huntpol.pl\/huntpol-www\/wp-json\/wp\/v2\/users\/6"}],"replies":[{"embeddable":true,"href":"https:\/\/huntpol.pl\/huntpol-www\/wp-json\/wp\/v2\/comments?post=2175"}],"version-history":[{"count":52,"href":"https:\/\/huntpol.pl\/huntpol-www\/wp-json\/wp\/v2\/pages\/2175\/revisions"}],"predecessor-version":[{"id":3538,"href":"https:\/\/huntpol.pl\/huntpol-www\/wp-json\/wp\/v2\/pages\/2175\/revisions\/3538"}],"up":[{"embeddable":true,"href":"https:\/\/huntpol.pl\/huntpol-www\/wp-json\/wp\/v2\/pages\/2083"}],"wp:attachment":[{"href":"https:\/\/huntpol.pl\/huntpol-www\/wp-json\/wp\/v2\/media?parent=2175"}],"curies":[{"name":"wp","href":"https:\/\/api.w.org\/{rel}","templated":true}]}}